i**2 - 50*i - 8. Calculate o(5).
-8
Let j(x) = x**2 - 53. Calculate j(-7).
-4
Let k(l) = l**3 - 12*l**2 + 10*l + 11. Determine k(11).
0
Let u(z) = -7*z**2 - 2*z + 7. Determine u(-3).
-50
Let q(f) = -f**2 + 10*f - 12. Calculate q(10).
-12
Let m(c) = c**3 - 16*c**2 - 56*c + 361. Calculate m(18).
1
Let b(q) = -q**2 + 13*q + 7. Determine b(11).
29
Let q(l) = -l**3 - l. Determine q(0).
0
Let h(j) = -j**2 + 9*j - 3. What is h(8)?
5
Let d(b) = 4*b + 2. What is d(-9)?
-34
Let v(t) = t**3 - 9*t**2 - 11*t + 7. What is v(10)?
-3
Let b(s) = s**2 - 14*s + 18. Give b(10).
-22
Let i(b) = b**3 + 19*b**2 + 17*b - 23. Calculate i(-18).
-5
Let i(u) = 4*u + 31. Give i(-6).
7
Let k(c) = c**2 - 16*c + 15. Give k(15).
0
Let s(v) = -v - 10. Give s(-2).
-8
Let f(j) = -j**2 + 13*j - 14. Calculate f(10).
16
Let x(z) = -z**2 - z - 11. Calculate x(0).
-11
Let x(v) = -v**3 - 15*v**2 - v + 8. Give x(-15).
23
Let y(l) = -28*l**3 + l**2 - 1. Determine y(-1).
28
Let x(v) = -v**2 + 13*v - 17. What is x(11)?
5
Let u(o) = -o**2 + 16*o - 63. Calculate u(12).
-15
Let m(x) = 63*x**3 + 2*x**2 + 2*x + 1. Determine m(-1).
-62
Let n(x) = -x**3 + 25*x**2 - x - 3. Determine n(25).
-28
Let c(z) = 19*z - 18. Give c(-3).
-75
Let h(b) = b**2 - 26*b + 91. Determine h(22).
3
Let x(m) = -65*m + 2. What is x(-2)?
132
Let o(r) = 5*r + 9. Give o(-5).
-16
Let c(d) = -8*d**2 - 10*d - 5. What is c(-4)?
-93
Let u(o) = o**3 + 5*o**2 - 6*o - 7. Give u(-6).
-7
Let b(c) = -24*c + 87. Give b(4).
-9
Let z(q) = q**2 + 20*q + 7. Give z(-22).
51
Let a(j) = -j**3 + 3*j**2 + 2*j - 6. Give a(3).
0
Let g(s) = -7*s**3 - s**2 - s - 2. Calculate g(-1).
5
Let h(z) = z**3 - 6*z - 13. Determine h(-2).
-9
Let o(g) = 2*g**2 - 29*g + 2. Determine o(15).
17
Let o(l) = 2*l**3 - 3*l**2 + 3*l - 1. What is o(3)?
35
Let m(k) = -k**2 + 12*k + 6. Determine m(12).
6
Let j(x) = 60*x + 1. Calculate j(-1).
-59
Let h(u) = -u**2 + 17*u + 86. Give h(21).
2
Let p(y) = -y**2 + 9*y + 5. Calculate p(8).
13
Let f(m) = 2*m**2 + 2*m - 2. Give f(1).
2
Let a(n) = 12*n + 7. Calculate a(-1).
-5
Let t(i) = -2*i - 3. Calculate t(-6).
9
Let k(n) = -n**3 + 20*n**2 - 34*n - 33. Give k(18).
3
Let m(h) = -2*h**2 + 9*h + 5. Give m(8).
-51
Let m(b) = b**3 + 6*b**2 - 5*b - 9. Give m(-6).
21
Let x(s) = s**3 - 5*s**2 + 5*s - 4. Give x(3).
-7
Let a(c) = -4*c + 10. Calculate a(5).
-10
Let c(o) = -o**2 + 13*o - 18. Calculate c(12).
-6
Let u(d) = -3*d + 2. Determine u(6).
-16
Let b(d) = 2*d + 10. Give b(-17).
-24
Let t(n) = 2*n**2 + 9*n - 12. Give t(-5).
-7
Let c(t) = t**2 + 17*t - 17. Calculate c(-17).
-17
Let l(y) = y**3 - 5*y**2 - 4*y - 1. Give l(5).
-21
Let u(d) = 9*d - 9. What is u(-1)?
-18
Let h(r) = -r**2 - 9*r + 9. Calculate h(-6).
27
Let o(x) = x**3 + 25*x**2 - x - 17. Calculate o(-25).
8
Let z(n) = -n**2 + 44*n - 225. Determine z(38).
3
Let y(x) = -x - 7. Determine y(7).
-14
Let l(r) = -r**3 + 8*r**2 + 6*r - 5. Determine l(8).
43
Let d(t) = t**3 - 2*t**2 - 8*t + 8. What is d(3)?
-7
Let c(y) = -4*y - 44. What is c(9)?
-80
Let l(x) = 4*x + 7. Give l(-4).
-9
Let x(u) = -u**3 - 16*u**2 - 31*u - 4. Give x(-14).
38
Let w(u) = -9*u**2 + u - 2. Calculate w(2).
-36
Let d(z) = -z**3 + 28*z**2 - 25*z - 47. Give d(27).
7
Let w(z) = -3*z. Give w(-4).
12
Let c(f) = 2*f**3 + 30*f**2 - f - 15. Give c(-15).
0
Let u(o) = -o**2 - 10*o - 16. Calculate u(-7).
5
Let k(i) = -10*i - 322. Give k(-33).
8
Let g(i) = 2*i**3 + 3*i**2 + i + 13. Determine g(-3).
-17
Let p(b) = 11*b + 122. What is p(-10)?
12
Let p(b) = 10*b + 19. Give p(-2).
-1
Let u(v) = -v**2 - 5*v + 93. Give u(7).
9
Let v(s) = 25*s - 34. Determine v(5).
91
Let i(z) = -z**2 - z + 56. Calculate i(0).
56
Let s(w) = 12*w - 92. Determine s(8).
4
Let h(r) = 4*r**2 + 3*r - 3. Give h(-2).
7
Let o(a) = -4*a**2 + 4*a - 23. What is o(3)?
-47
Let z(a) = a**2 + 2*a - 8. Calculate z(-9).
55
Let g(r) = r**2 - 7*r - 13. What is g(9)?
5
Let o(w) = w**3 - w**2 - 2*w + 1. Determine o(0).
1
Let d(v) = v**2 + 17*v + 1. Give d(-12).
-59
Let c(t) = 11*t + 1. Give c(1).
12
Let r(y) = -2*y**3 + 4*y**2 - y - 2. Give r(3).
-23
Let n(p) = 28*p + 185. Give n(-7).
-11
Let y(b) = -b - 19. Determine y(-14).
-5
Let b(n) = n**2 + 11*n + 15. Determine b(-8).
-9
Let t(h) = 2*h + 5. What is t(0)?
5
Let a(l) = l**3 + 11*l**2 - l + 3. What is a(-11)?
14
Let s(r) = -r**2 + 21*r. Calculate s(21).
0
Let g(l) = l**3 - 11*l**2 - 43*l + 9. Calculate g(14).
-5
Let g(s) = 10*s + 81. Give g(-9).
-9
Let r(p) = -p**3 - 2*p**2 + p + 5. Calculate r(-4).
33
Let j(m) = -m**2 + 42*m + 96. Calculate j(44).
8
Let k(h) = -2*h**2 - h + 5. Calculate k(-4).
-23
Let b(h) = h**3 - 8*h**2 - 4*h - 15. Calculate b(8).
-47
Let b(m) = -m**3 + m - 42. Calculate b(0).
-42
Let j(y) = -y**3 - 9*y**2 - 22*y - 27. Calculate j(-6).
-3
Let i(r) = r**2 + r - 15. Give i(4).
5
Let p(a) = a**3 - 11*a**2 - 13*a + 15. Determine p(12).
3
Let j(i) = 7*i - 156. What is j(21)?
-9
Let f(m) = m**3 - 3*m**2 - m - 1. Determine f(4).
11
Let x(l) = l**3 - 4*l**2 + 4*l + 1. What is x(3)?
4
Let n(u) = -22*u - 167. Determine n(-7).
-13
Let d(a) = -10*a + 16. Give d(7).
-54
Let o(u) = u**3 - 4*u**2 - 2*u - 10. Give o(5).
5
Let a(f) = -2*f**2 - f + 3. What is a(3)?
-18
Let q(g) = -g**2 + 9*g + 30. Calculate q(15).
-60
Let o(c) = 3*c**2 + 32*c - 135. What is o(-14)?
5
Let j(p) = -8*p - 50. Calculate j(-6).
-2
Let z(n) = n**3 + 2*n**2 + 8*n - 5. Calculate z(-4).
-69
Let z(s) = -3*s**3 - s**2 + 2*s + 3. Calculate z(0).
3
Let x(k) = 9*k - 17. Calculate x(2).
1
Let n(b) = -b**3 + 14*b**2 - 36*b - 14. Calculate n(4).
2
Let w(a) = 3*a - 35. Determine w(14).
7
Let y(j) = -10*j**2 + 4*j + 11. What is y(-2)?
-37
Let d(q) = -2*q**3 - q**2 + 5*q - 11. Calculate d(3).
-59
Let s(q) = -23*q**2 + 3*q - 2. Calculate s(1).
-22
Let b(y) = 44*y**3 - y**2 + y - 1. Give b(1).
43
Let b(y) = -y**3 - 3*y**2 - 4*y - 6. Determine b(-2).
-2
Let j(t) = 2*t + 13. Calculate j(-5).
3
Let v(s) = s**3 - 5*s**2 + 5*s - 4. Give v(3).
-7
Let r(f) = f**3 + 4*f**2 + f - 8. What is r(-4)?
-12
Let x(a) = 11*a - 2. What is x(1)?
9
Let d(y) = 14*y - 4. What is d(-4)?
-60
Let f(v) = -v**3 + 17*v**2 - 16*v + 1. Give f(16).
1
Let f(q) = q**2 - 32*q + 127. Calculate f(5).
-8
Let f(j) = -12*j**2. Determine f(-1).
-12
Let t(w) = 2*w**3 - w**2 - 3*w - 1. What is t(2)?
5
Let u(d) = d**3 - 2*d**2 - 3*d - 2. Calculate u(-1).
-2
Let c(j) = j - 22. Determine c(19).
-3
Let m(k) = -10*k**2 + 31*k - 13. Calculate m(3).
-10
Let l(i) = 24*i + 2. Determine l(4).
98
Let r(c) = 6*c - 2. Calculate r(4).
22
Let z(s) = -s**3 - s**2 + s + 5. What is z(2)?
-5
Let c(p) = -p**3 - 21*p**2 + 22*p + 11. What is c(-22)?
11
Let x(n) = 37*n + 1. Calculate x(1).
38
Let m(b) = 2*b - 40. Give m(22).
4
Let w(b) = b**3 + 6*b**2 + 2*b + 3. Give w(-4).
27
Let c(s) = -2*s**3 + 82*s**2 - 4*s + 173. Determine c(41).
9
Let y(d) = -d**3 - 2*d**2 + 11*d + 5. Determine y(-4).
-7
Let v(r) = -r + 6. Calculate v(9).
-3
Let u(p) = -p**3 + 2*p**2 - 6*p + 5. Give u(3).
-22
Let i(x) = 13*x**3 - x**2 - 3*x - 2. What is i(-1)?
-13
Let j(u) = 8*u - 1. Calculate j(3).
23
Let h(z) = -z + 13. Calculate h(19).
-6
Let q(h) = 5*h - 53. Determine q(12).
7
Let u(q) = q**3 - 54*q**2 + 47*q + 312. What is u(53)?
-6
Let r(p) = -p**3 - 7*p**2 - 5*p + 2. Determine r(-6).
-4
Let i(z) = -z + 4. What is i(1)?
3
Let k(n) = 2*n**2 - 3*n + 3. What is k(2)?
5
Let k(t) = -3*t - 52. Give k(21).
-115
Let h(z) = -z**2 + 3*z - 5. Give h(4).
-9
Let s(b) = -b**3 - 5*b**2 - 5*b + 3. Calculate s(-4).
7
Let p(r) = 3*r**3 - r**2 - 2*r - 2. Give p(-1).
-4
Let b(u) = -2*u**2 + 56*u + 44. Give b(29).
-14
Let c(s) = -s + 14. Give c(7).
7
Let i(b) = -b**3 - b**2 - b + 69. Determine i(0).
69
Let b(s) = -s**3 + 9*s**2 - 8*s - 31. Calculate b(7).
11
Let v(o) = o**3 - 14*o**2 + 8*o + 66. Calculate v(13).
1
Let v(p) = -p - 3. Calculate v(-2).
-1
Let w(t) = 6*t - 42. Give w(6).
-6
Let u(g) = g + 12. Give u(-12).
0
Let z(l) = 31*l + 1. Give z(-1).
-30
Let v(t) = 6*t - 33. Determine v(6).
3
Let c(a) = 6*a + 28. Determine c(10).
88
Let r(u) = -51*u + 958. Give r(19).
-11
Let o(w) = w**2 - 15*w + 104. Give o(11).
60
Let k(t) = -t + 1. What is k(0)?
1
Let y(o) = -25*o**3 + 1. What is y(1)?
-24
Let g(s) = 6*s**3 + 2*s**2 - 3*s - 2. What is g(-2)?
-36
Let j(k) = 26*k - 71. What is j(3)?
7
Let b(k) = 5*k + 24. Determine b(-8).
-16
Let y(z) = -z**3 - 4*z*